6) in base 4?
112001202
Convert -1170127 (base 13) to base 6.
-311411451
What is -132331023312 (base 4) in base 2?
-11110111101001011110110
-525846 (base 9) to base 4
-1030111332
110001001100001101 (base 2) to base 4
301030031
Convert -43455 (base 15) to base 9.
-355008
3423212114 (base 5) to base 4
131013110133
What is 5455 (base 9) in base 12?
23ab
-416a89 (base 12) to base 5
-230343402
Convert 4eee17 (base 16) to base 9.
10653620
What is 12001201210 (base 3) in base 16?
1855e
Convert 571a8 (base 11) to base 4.
110031021
What is -2022002 (base 6) in base 15?
-1d828
5315532 (base 7) to base 6
21441030
10101101100001011 (base 2) to base 15
1b4cd
221665 (base 8) to base 11
51119
What is 13331030321 (base 4) in base 14?
3c413b
What is 1100010001010011011100 (base 2) in base 12?
10b1564
Convert -340055410 (base 6) to base 3.
-102121021120120
Convert 717415 (base 8) to base 12.
b5411
-10223053 (base 6) to base 15
-5d7c6
30135253 (base 7) to base 15
344a7a
Convert -224033 (base 7) to base 10.
-39812
What is 48307 (base 15) in base 4?
320030212
-334132234 (base 5) to base 13
-3c7c3c
-1446122 (base 9) to base 10
-798356
What is 1431051 (base 7) in base 4?
232333023
Convert 8141238 (base 10) to base 2.
11111000011100110110110
Convert 24307 (base 13) to base 8.
201570
Convert 18b6c0 (base 13) to base 2.
10011000100111011110
What is -1010001110010100010 (base 2) in base 5?
-41210020
Convert -2112152 (base 11) to base 10.
-3721654
Convert 132540 (base 6) to base 5.
343200
What is 1014311040 (base 5) in base 15?
2b859a
2013325 (base 6) to base 16
17495
What is -2972 (base 14) in base 8?
-16270
Convert -2212052 (base 6) to base 8.
-330040
What is 247623 (base 8) in base 14?
23443
30311233 (base 8) to base 10
6394523
What is -1111001101101101001 (base 2) in base 13?
-145bc0
10505213 (base 6) to base 13
b2848
Convert -100110110010101000 (base 2) to base 13.
-57422
What is 101211031 (base 4) in base 5?
4301023
What is 1539a3 (base 16) in base 13?
3991ab
2210011002 (base 3) to base 16
d601
21030 (base 7) to base 15
17e6
1bceb (base 15) to base 6
1535435
Convert -41d86d (base 16) to base 6.
-232253553
-315b89 (base 13) to base 11
-71a081
Convert -111aa9a (base 11) to base 9.
-3620168
What is -26343515 (base 8) in base 7?
-101003501
What is 20524320 (base 9) in base 4?
211223133222
What is -736657 (base 8) in base 14?
-654bd
-14027776 (base 8) to base 15
-425a94
2516258 (base 11) to base 8
20531555
-10211220020200 (base 3) to base 13
-567a98
Convert -1000110111000011100 (base 2) to base 8.
-1067034
1013023201 (base 5) to base 3
10220122221200
Convert -151e92 (base 16) to base 11.
-865977
Convert 54602340 (base 8) to base 11.
669362a
Convert 17256685 (base 9) to base 14.
1215808
Convert 4354357 (base 11) to base 12.
268a167
What is 556104 (base 7) in base 8?
277547
What is 39740 (base 13) in base 6?
2141535
Convert -102012144 (base 6) to base 12.
-717054
8321a (base 11) to base 2
11101101000101000
What is 77874 (base 9) in base 10?
51745
What is -13312221 (base 5) in base 7?
-1102331
What is -100100110111110010 (base 2) in base 3?
-21200011120
-40921 (base 12) to base 15
-19e7a
Convert 494193 (base 11) to base 14.
164b4c
What is -17260741 (base 9) in base 14?
-121655a
Convert -56b1e9 (base 15) to base 3.
-21210020112110
f5fd83 (base 16) to base 11
9111124
Convert -2ab766a (base 12) to base 14.
-1227106
221001310 (base 4) to base 2
101001000001110100
Convert -754333 (base 9) to base 8.
-1555471
Convert 23d58 (base 16) to base 3.
21110100011
What is 20011210210 (base 3) in base 16?
1db02
What is 12885 (base 14) in base 11?
31285
What is 2001343011 (base 5) in base 14?
745a15
Convert 130012023102 (base 4) to base 10.
7365330
5bd12d (base 14) to base 12
1079645
Convert -e8e24 (base 15) to base 7.
-6165220
Convert -1100100101010110100 (base 2) to base 9.
-687555
36156416 (base 7) to base 3
20000222000002
What is -12155505 (base 6) in base 14?
-a1973
Convert 114020241 (base 5) to base 12.
21824b
5b1863 (base 12) to base 3
2202221121110
Convert 1101101010101111000 (base 2) to base 13.
128b11
What is -1403121122 (base 5) in base 4?
-31212312331
-13cd05 (base 14) to base 8
-2500651
Convert -69798 (base 10) to base 14.
-1b618
1a5344 (base 13) to base 7
5452560
344598 (base 12) to base 5
203242223
What is 61932 (base 14) in base 9?
387374
What is -6c00d0 (base 16) in base 2?
-11011000000000011010000
-10001000000100 (base 2) to base 10
-8708
What is -7993671 (base 10) in base 13?
-186b5aa
-103315510 (base 7) to base 10
-6172537
What is 120121020232 (base 4) in base 5?
3114110124
Convert 1387814 (base 11) to base 8.
11054476
Convert -508115 (base 9) to base 8.
-1114164
What is 141377 (base 15) in base 5?
221403122
Convert -2001202120011 (base 3) to base 8.
-4137522
Convert -1c9a0b (base 13) to base 2.
-10110011100100001011
What is -130321333003 (base 4) in base 12?
-2655197
What is 650cc (base 14) in base 9?
412221
Convert -113200033 (base 4) to base 3.
-11220001121
299722 (base 10) to base 3
120020010211
13130 (base 11) to base 7
105530
377165 (base 8) to base 15
28abc
Convert -20001110212002 (base 3) to base 4.
-30101210210
Convert -1101101221 (base 3) to base 13.
-c547
What is -101222011210001 (base 3) in base 7?
-100360033
Convert 3230132100 (base 5) to base 12.
2379783
What is -7205b (base 12) in base 16?
-244c7
Convert -103612 (base 12) to base 8.
-761656
110110100000000110 (base 2) to base 13
7a7c2
What is -3a850b (base 14) in base 16?
-1ed4df
What is -314187 (base 9) in base 14?
-4c0da
What is -11120011002 (base 3) in base 7?
-522512
What is 10120121 (base 5) in base 15?
196c6
2958844 (base 10) to base 12
ba8364
What is -11001012112 (base 3) in base 11?
-548a3
46771a2 (base 11) to base 12
2898a63
What is -163362 (base 8) in base 14?
-17790
What is 37920 (base 11) in base 4?
31101033
What is -63bc2 (base 14) in base 6?
-5055554
-112002021100211 (base 3) to base 5
-3404004113
What is 20021222222112 (base 3) in base 11?
1985a77
Convert 479c1 (base 13) to base 5.
13200201
2806443 (base 10) to base 16
2ad2ab
What is 189389 (base 12) in base 10?
430809
3b1fea (base 16) to base 9
7255186
What is -18527 (base 15) in base 5?
-10010122
-2ace1c (base 15) to base 5
-1012144202
201411231 (base 5) to base 15
1100cb
-831541 (base 9) to base 3
-221001121101
Convert -4ca87 (base 15) to base 7.
-2041246
Convert 220113132 (base 4) to base 3.
22101210210
Convert -50290 (base 15) to base 9.
-426020
Convert 1011010101110100101 (base 2) to base 10.
371621
What is -26040016 (base 7) in base 11?
-1374066
-2012211221112 (base 3) to base 11
-735081
68520 (base 9) to base 2
1011001000110101
Convert 5958e1 (base 16) to base 3.
102000111011210
-64476 (base 14) to base 9
-408408
3508b (base 13) to base 2
10111101000001111
Convert 142526 (base 11) to base 6.
4435554
What is -120755 (base 10) in base 4?
-131132303
Convert 1111010000111110101010 (base 2) to base 6.
221434230
What is 10011001011010111111101 (base 2) in base 10?
5027325
What is 842641 (base 9) in base 6?
14421401
Convert -1905392 (base 11) to base 15.
-43b744
-5290b (base 13) to base 4
-210103323
Convert -a389a (base 15) to base 13.
-151bca
What is 11012202222 (base 3) in base 6?
1435555
1203112 (base 7) to base 5
14333400
Convert -1002002220120 (base 3) to base 15.
-b4b53
-1c1c10 (base 13) to base 15
-e2c43
Convert 1503101 (base 6) to base 9.
141241
What is 2c7749 (base 15) in base 13?
5a43b6
-35aa6 (base 12) to base 14
-1c566
Convert -4e3040 (base 16) to base 9.
-10570021
Convert -23432210 (base 5) to base 9.
-361685
Convert -131422040 (base 5) to base 9.
-1207003
Convert 2242550 (base 6) to base 7.
655242
What is 7842113 (base 9) in base 6?
230242150
What is -376191 (base 11) in base 2?
-10010000111110110111
47732 (base 10) to base 9
72425
-4ea63c (base 16) to base 12
-1886a24
-3413214 (base 8) to base 11
-580742
b4c24 (base 16) to base 15
e9593
What is -1001022213 (base 4) in base 2?
-1000001001010100111
-cd58 (base 15) to base 4
-22213310
202321 (base 6) to base 4
3323221
Convert 84413a (base 11) to base 2.
101001010001100001100
What is -d1a9 (base 16) in base 15?
-10d83
What is 5010531 (base 7) in base 13?
178c6b
What is -513a14 (base 11) in base 9?
-1486753
What is -41870a (base 11) in base 12?
-283b26
What is -3353424 (base